it of 167906616?
6
What is the hundred thousands digit of 18845361?
8
What is the thousands digit of 118432929?
2
What is the ten millions digit of 121611023?
2
What is the units digit of 23306283?
3
What is the hundred millions digit of 1883155872?
8
What is the ten millions digit of 486399726?
8
What is the units digit of 3521020728?
8
What is the units digit of 295038005?
5
What is the thousands digit of 49427034?
7
What is the millions digit of 2167389634?
7
What is the millions digit of 272996841?
2
What is the units digit of 245564759?
9
What is the millions digit of 117228234?
7
What is the thousands digit of 455395040?
5
What is the hundreds digit of 49803305?
3
What is the millions digit of 2274303175?
4
What is the thousands digit of 1538461174?
1
What is the billions digit of 1139760583?
1
What is the hundred millions digit of 186510996?
1
What is the ten millions digit of 146161091?
4
What is the thousands digit of 1621258845?
8
What is the hundred thousands digit of 101710721?
7
What is the units digit of 1512642271?
1
What is the millions digit of 19598078?
9
What is the hundred thousands digit of 47614665?
6
What is the thousands digit of 79468647?
8
What is the tens digit of 42977224?
2
What is the tens digit of 100016857?
5
What is the hundreds digit of 4078387375?
3
What is the hundred millions digit of 903597021?
9
What is the hundreds digit of 1059495485?
4
What is the millions digit of 33065437?
3
What is the hundred millions digit of 140780760?
1
What is the units digit of 6067996610?
0
What is the hundreds digit of 341484418?
4
What is the tens digit of 3753381?
8
What is the ten millions digit of 40075613?
4
What is the units digit of 892269066?
6
What is the units digit of 40428211?
1
What is the ten thousands digit of 4032260159?
6
What is the hundred millions digit of 7826447007?
8
What is the ten thousands digit of 6324033135?
3
What is the ten thousands digit of 59800309?
0
What is the ten millions digit of 68013266?
6
What is the tens digit of 447287514?
1
What is the hundreds digit of 8133826920?
9
What is the hundred millions digit of 637928210?
6
What is the units digit of 249082372?
2
What is the thousands digit of 38805186?
5
What is the units digit of 170240745?
5
What is the millions digit of 241635551?
1
What is the hundreds digit of 2116412554?
5
What is the hundreds digit of 1157245113?
1
What is the tens digit of 141154218?
1
What is the hundreds digit of 253569107?
1
What is the ten thousands digit of 43831879?
3
What is the units digit of 79113733?
3
What is the tens digit of 5788903498?
9
What is the units digit of 1181976358?
8
What is the millions digit of 48083552?
8
What is the hundreds digit of 89567711?
7
What is the tens digit of 83396915?
1
What is the ten millions digit of 545065025?
4
What is the ten thousands digit of 161539734?
3
What is the millions digit of 457941198?
7
What is the hundred thousands digit of 24557302?
5
What is the tens digit of 98877027?
2
What is the thousands digit of 631719765?
9
What is the tens digit of 3256938129?
2
What is the millions digit of 2282640467?
2
What is the ten millions digit of 89858434?
8
What is the hundred millions digit of 490185215?
4
What is the hundred millions digit of 967987633?
9
What is the tens digit of 546365174?
7
What is the millions digit of 3788160519?
8
What is the hundred thousands digit of 1479497086?
4
What is the tens digit of 124826986?
8
What is the ten thousands digit of 6006456406?
5
What is the tens digit of 411773991?
9
What is the hundreds digit of 4181235242?
2
What is the millions digit of 38269492?
8
What is the millions digit of 64209868?
4
What is the hundreds digit of 183601?
6
What is the hundreds digit of 43383121?
1
What is the hundred thousands digit of 12232269?
2
What is the thousands digit of 5974731?
4
What is the thousands digit of 826949787?
9
What is the millions digit of 828698784?
8
What is the units digit of 277212060?
0
What is the hundred millions digit of 320418771?
3
What is the millions digit of 182222706?
2
What is the hundred millions digit of 2057755878?
0
What is the hundred thousands digit of 13509902?
5
What is the hundreds digit of 401829119?
1
What is the millions digit of 2330192866?
0
What is the thousands digit of 431081933?
1
What is the ten thousands digit of 1048144803?
4
What is the hundred millions digit of 370712859?
3
What is the ten millions digit of 378204350?
7
What is the ten millions digit of 77196802?
7
What is the tens digit of 160821242?
4
What is the hundred millions digit of 307186219?
3
What is the hundreds digit of 3851280373?
3
What is the hundreds digit of 60746993?
9
What is the hundred thousands digit of 294051254?
0
What is the ten millions digit of 65650391?
6
What is the hundreds digit of 352018648?
6
What is the hundred thousands digit of 713124603?
1
What is the hundreds digit of 129038478?
4
What is the ten millions digit of 125041294?
2
What is the ten thousands digit of 22910210?
1
What is the ten millions digit of 1508583339?
0
What is the millions digit of 106503682?
6
What is the units digit of 12730844?
4
What is the hundred millions digit of 204481861?
2
What is the hundreds digit of 41514391?
3
What is the thousands digit of 530857602?
7
What is the hundred thousands digit of 6248168847?
1
What is the hundred millions digit of 697973117?
6
What is the hundreds digit of 7066042342?
3
What is the hundred millions digit of 4745304386?
7
What is the hundred thousands digit of 89266760?
2
What is the tens digit of 56786649?
4
What is the hundred thousands digit of 160751744?
7
What is the tens digit of 18222875?
7
What is the units digit of 217297746?
6
What is the hundreds digit of 28644980?
9
What is the units digit of 371637695?
5
What is the millions digit of 19681159?
9
What is the millions digit of 720025780?
0
What is the thousands digit of 62576875?
6
What is the tens digit of 41024727?
2
What is the units digit of 38934246?
6
What is the hundreds digit of 381569921?
9
What is the hundreds digit of 2328878321?
3
What is the tens digit of 1547253192?
9
What is the hundreds digit of 170492543?
5
What is the units digit of 40595820?
0
What is the thousands digit of 5329600256?
0
What is the billions digit of 1642960946?
1
What is the billions digit of 1776618607?
1
What is the ten thousands digit of 112156495?
5
What is the billions digit of 2814007776?
2
What is the ten millions digit of 829878087?
2
What is the thousands digit of 38912029?
2
What is the billions digit of 1442836237?
1
What is the millions digit of 1825653781?
5
What is the tens digit of 324059077?
7
What is the ten millions digit of 26212588?
2
What is the tens digit of 69769391?
9
What is the hundreds digit of 208447718?
7
What is the ten millions digit of 1063722743?
6
What is the millions digit of 4419666792?
9
What is the ten millions digit of 91367441?
9
What is the millions digit of 3738257?
3
What is the units digit of 72971553?
3
What is the billions digit of 2369032977?
2
What is the ten millions digit of 2175770446?
7
What is the thousands digit of 254553438?
3
What is the ten millions digit of 8158476962?
5
What is the hundreds digit of 4784124?
1
What is the thousands digit of 520253894?
3
What is the ten millions digit of 629280107?
2
What is the thousands digit of 93131016?
1
What is the hundreds digit of 552568645?
6
What is the ten thousands digit of 206740323?
4
What is the hundred millions digit of 1071267749?
0
What is the tens digit of 27198167?
6
What is the hundred thousands digit of 477307880?
3
What is the millions digit of 86569379?
6
What is the thousands digit of 330214734?
4
What is the ten millions digit of 1166876649?
6
What is the ten millions digit of 60166412?
6
What is the tens digit of 4725205643?
4
What is the hundred thousands digit of 2592351989?
3
What is the hundreds digit of 765999732?
7
What is the hundred millions digit of 1847994897?
8
What is the hundreds digit of 1016819954?
9
What is the tens digit of 51446256?
5
What is the millions digit of 2694074454?
4
What is the tens digit of 54928658?
5
What is the ten millions digit of 7882444449?
8
What is the tens digit of 189156934?
3
What is the units digit of 38850458?
8
What is the